{"id":282,"date":"2020-09-10T11:29:10","date_gmt":"2020-09-10T11:29:10","guid":{"rendered":"https:\/\/demosites.io\/shop-gb\/?page_id=282"},"modified":"2024-09-21T08:15:49","modified_gmt":"2024-09-21T08:15:49","slug":"52e3e-contact","status":"publish","type":"page","link":"https:\/\/powerdex.com.tr\/?page_id=282","title":{"rendered":"\u0130leti\u015fim"},"content":{"rendered":"\t\t<div data-elementor-type=\"wp-page\" data-elementor-id=\"282\" class=\"elementor elementor-282\">\n\t\t\t\t\t\t<section class=\"elementor-section elementor-top-section elementor-element elementor-element-4df9cd9 elementor-section-boxed elementor-section-height-default elementor-section-height-default\" data-id=\"4df9cd9\" data-element_type=\"section\" data-e-type=\"section\">\n\t\t\t\t\t\t<div class=\"elementor-container elementor-column-gap-default\">\n\t\t\t\t\t<div class=\"elementor-column elementor-col-100 elementor-top-column elementor-element elementor-element-0f4b8a5\" data-id=\"0f4b8a5\" data-element_type=\"column\" data-e-type=\"column\">\n\t\t\t<div class=\"elementor-widget-wrap elementor-element-populated\">\n\t\t\t\t\t\t<div class=\"elementor-element elementor-element-b0bff2a elementor-widget__width-inherit elementor-widget elementor-widget-image\" data-id=\"b0bff2a\" data-element_type=\"widget\" data-e-type=\"widget\" data-widget_type=\"image.default\">\n\t\t\t\t<div class=\"elementor-widget-container\">\n\t\t\t\t\t\t\t\t\t\t\t\t\t\t\t<img fetchpriority=\"high\" decoding=\"async\" width=\"1024\" height=\"489\" src=\"https:\/\/powerdex.com.tr\/wp-content\/uploads\/2022\/09\/Screenshot_1-1024x489.png\" class=\"attachment-large size-large wp-image-601\" alt=\"\" srcset=\"https:\/\/powerdex.com.tr\/wp-content\/uploads\/2022\/09\/Screenshot_1-1024x489.png 1024w, https:\/\/powerdex.com.tr\/wp-content\/uploads\/2022\/09\/Screenshot_1-600x286.png 600w, https:\/\/powerdex.com.tr\/wp-content\/uploads\/2022\/09\/Screenshot_1-300x143.png 300w, https:\/\/powerdex.com.tr\/wp-content\/uploads\/2022\/09\/Screenshot_1-768x366.png 768w, https:\/\/powerdex.com.tr\/wp-content\/uploads\/2022\/09\/Screenshot_1.png 1446w\" sizes=\"(max-width: 1024px) 100vw, 1024px\" \/>\t\t\t\t\t\t\t\t\t\t\t\t\t\t\t<\/div>\n\t\t\t\t<\/div>\n\t\t\t\t\t<\/div>\n\t\t<\/div>\n\t\t\t\t\t<\/div>\n\t\t<\/section>\n\t\t\t\t<section class=\"elementor-section elementor-top-section elementor-element elementor-element-30540d4 elementor-section-boxed elementor-section-height-default elementor-section-height-default\" data-id=\"30540d4\" data-element_type=\"section\" data-e-type=\"section\">\n\t\t\t\t\t\t<div class=\"elementor-container elementor-column-gap-default\">\n\t\t\t\t\t<div class=\"elementor-column elementor-col-100 elementor-top-column elementor-element elementor-element-b389726\" data-id=\"b389726\" data-element_type=\"column\" data-e-type=\"column\">\n\t\t\t<div class=\"elementor-widget-wrap elementor-element-populated\">\n\t\t\t\t\t\t<div class=\"elementor-element elementor-element-98858c8 elementor-widget elementor-widget-text-editor\" data-id=\"98858c8\" data-element_type=\"widget\" data-e-type=\"widget\" data-widget_type=\"text-editor.default\">\n\t\t\t\t<div class=\"elementor-widget-container\">\n\t\t\t\t\t\t\t\t\t<p><em>&#8220;Sorunlar\u0131n\u0131z,<\/em> ya\u015fan\u0131lan aksakl\u0131klar, sipari\u015fleriniz, istek ve \u00f6nerileriniz i\u00e7in bizimle ileti\u015fime ge\u00e7ebilirsiniz.<\/p>\n<p>7\/24 sizin memnuniyetiniz i\u00e7in hizmet vermekten onur duyuyoruz&#8221;<\/p>\t\t\t\t\t\t\t\t<\/div>\n\t\t\t\t<\/div>\n\t\t\t\t\t<\/div>\n\t\t<\/div>\n\t\t\t\t\t<\/div>\n\t\t<\/section>\n\t\t\t\t<section class=\"elementor-section elementor-top-section elementor-element elementor-element-d639177 elementor-section-boxed elementor-section-height-default elementor-section-height-default\" data-id=\"d639177\" data-element_type=\"section\" data-e-type=\"section\">\n\t\t\t\t\t\t<div class=\"elementor-container elementor-column-gap-default\">\n\t\t\t\t\t<div class=\"elementor-column elementor-col-100 elementor-top-column elementor-element elementor-element-7e103a4\" data-id=\"7e103a4\" data-element_type=\"column\" data-e-type=\"column\">\n\t\t\t<div class=\"elementor-widget-wrap elementor-element-populated\">\n\t\t\t\t\t\t<div class=\"elementor-element elementor-element-0a00cb3 elementor-widget elementor-widget-text-editor\" data-id=\"0a00cb3\" data-element_type=\"widget\" data-e-type=\"widget\" data-widget_type=\"text-editor.default\">\n\t\t\t\t<div class=\"elementor-widget-container\">\n\t\t\t\t\t\t\t\t\t<p><em><strong>\u00d6deme Bilgilerimiz;<\/strong><\/em><\/p><p><strong>TR29 0001 0005 5757 9772 9650 02 &#8211; MEHMET BATUR &#8211; Z\u0130RAAT BANKASI\u00a0<\/strong><\/p><p><strong>TR03 0001 0016 9475 6518 2550 01 &#8211; U\u011eUR BATUR &#8211; Z\u0130RAAT BANKASI\u00a0<\/strong><\/p><p><a href=\"https:\/\/api.whatsapp.com\/send?phone=905439487383\" target=\"_blank\" rel=\"noopener\"><em><strong>TOPTAN VE PARAKENDE SATI\u015e VE F\u0130YAT POL\u0130T\u0130KALARIMIZ \u0130\u00c7\u0130N B\u0130Z\u0130MLE \u0130LET\u0130\u015e\u0130ME GE\u00c7\u0130N\u0130Z.<\/strong><\/em><\/a><\/p>\t\t\t\t\t\t\t\t<\/div>\n\t\t\t\t<\/div>\n\t\t\t\t\t<\/div>\n\t\t<\/div>\n\t\t\t\t\t<\/div>\n\t\t<\/section>\n\t\t\t\t<section class=\"elementor-section elementor-top-section elementor-element elementor-element-9918bf4 elementor-section-boxed elementor-section-height-default elementor-section-height-default\" data-id=\"9918bf4\" data-element_type=\"section\" data-e-type=\"section\">\n\t\t\t\t\t\t<div class=\"elementor-container elementor-column-gap-default\">\n\t\t\t\t\t<div class=\"elementor-column elementor-col-100 elementor-top-column elementor-element elementor-element-628f72a\" data-id=\"628f72a\" data-element_type=\"column\" data-e-type=\"column\">\n\t\t\t<div class=\"elementor-widget-wrap\">\n\t\t\t\t\t\t\t<\/div>\n\t\t<\/div>\n\t\t\t\t\t<\/div>\n\t\t<\/section>\n\t\t\t\t<section class=\"elementor-section elementor-top-section elementor-element elementor-element-76f2429 elementor-section-boxed elementor-section-height-default elementor-section-height-default\" data-id=\"76f2429\" data-element_type=\"section\" data-e-type=\"section\">\n\t\t\t\t\t\t<div class=\"elementor-container elementor-column-gap-default\">\n\t\t\t\t\t<div class=\"elementor-column elementor-col-100 elementor-top-column elementor-element elementor-element-7f25ba7\" data-id=\"7f25ba7\" data-element_type=\"column\" data-e-type=\"column\">\n\t\t\t<div class=\"elementor-widget-wrap elementor-element-populated\">\n\t\t\t\t\t\t<div class=\"elementor-element elementor-element-64885b6 elementor-widget elementor-widget-text-editor\" data-id=\"64885b6\" data-element_type=\"widget\" data-e-type=\"widget\" data-widget_type=\"text-editor.default\">\n\t\t\t\t<div class=\"elementor-widget-container\">\n\t\t\t\t\t\t\t\t\t<p><em><strong><a href=\"https:\/\/api.whatsapp.com\/send?phone=905439487383\" target=\"_blank\" rel=\"noopener\">Whatsapp Destek Hatt\u0131m\u0131z i\u00e7in t\u0131klay\u0131n..<\/a><\/strong><\/em><\/p><p><em><strong><a href=\"https:\/\/api.whatsapp.com\/send?phone=905378677362\" target=\"_blank\" rel=\"noopener\">Di\u011fer Whatsapp Destek Hatt\u0131m\u0131z i\u00e7in t\u0131klay\u0131n..<\/a><\/strong><\/em><\/p><p>Bizi aramak isterseniz telefon numaram\u0131z\u00a0 +0488 213 72 73\u00a0<\/p><p><a href=\"https:\/\/www.instagram.com\/powerdex.tr\/\" target=\"_blank\" rel=\"noopener\">\u0130nstagram adresimizi ziyaret etmek i\u00e7in t\u0131klay\u0131n&#8230;<\/a><\/p><p>Mail adresimiz powerdex.tr@gmail.com<\/p>\t\t\t\t\t\t\t\t<\/div>\n\t\t\t\t<\/div>\n\t\t\t\t\t<\/div>\n\t\t<\/div>\n\t\t\t\t\t<\/div>\n\t\t<\/section>\n\t\t\t\t<section class=\"elementor-section elementor-top-section elementor-element elementor-element-efdb6ec elementor-section-boxed elementor-section-height-default elementor-section-height-default\" data-id=\"efdb6ec\" data-element_type=\"section\" data-e-type=\"section\">\n\t\t\t\t\t\t<div class=\"elementor-container elementor-column-gap-default\">\n\t\t\t\t\t<div class=\"elementor-column elementor-col-100 elementor-top-column elementor-element elementor-element-f60f369\" data-id=\"f60f369\" data-element_type=\"column\" data-e-type=\"column\">\n\t\t\t<div class=\"elementor-widget-wrap elementor-element-populated\">\n\t\t\t\t\t\t<div class=\"elementor-element elementor-element-671688d elementor-widget elementor-widget-google_maps\" data-id=\"671688d\" data-element_type=\"widget\" data-e-type=\"widget\" data-widget_type=\"google_maps.default\">\n\t\t\t\t<div class=\"elementor-widget-container\">\n\t\t\t\t\t\t\t<div class=\"elementor-custom-embed\">\n\t\t\t<iframe loading=\"lazy\"\n\t\t\t\t\tsrc=\"https:\/\/maps.google.com\/maps?q=%C3%87ar%C5%9F%C4%B1%2C%20Raman%20Cd.%20No%3A9%2C%2072050%20Batman%20Merkez%2FBatman&#038;t=m&#038;z=18&#038;output=embed&#038;iwloc=near\"\n\t\t\t\t\ttitle=\"\u00c7ar\u015f\u0131, Raman Cd. No:9, 72050 Batman Merkez\/Batman\"\n\t\t\t\t\taria-label=\"\u00c7ar\u015f\u0131, Raman Cd. No:9, 72050 Batman Merkez\/Batman\"\n\t\t\t><\/iframe>\n\t\t<\/div>\n\t\t\t\t\t\t<\/div>\n\t\t\t\t<\/div>\n\t\t\t\t\t<\/div>\n\t\t<\/div>\n\t\t\t\t\t<\/div>\n\t\t<\/section>\n\t\t\t\t<\/div>\n\t\t","protected":false},"excerpt":{"rendered":"<p>&#8220;Sorunlar\u0131n\u0131z, ya\u015fan\u0131lan aksakl\u0131klar, sipari\u015fleriniz, istek ve \u00f6nerileriniz i\u00e7in bizimle ileti\u015fime ge\u00e7ebilirsiniz. 7\/24 sizin memnuniyetiniz i\u00e7in hizmet vermekten onur duyuyoruz&#8221; \u00d6deme Bilgilerimiz; TR29 0001 0005 5757 9772 9650 02 &#8211; MEHMET BATUR &#8211; Z\u0130RAAT BANKASI\u00a0 TR03 0001 0016 9475 6518 2550 01 &#8211; U\u011eUR BATUR &#8211; Z\u0130RAAT BANKASI\u00a0 TOPTAN VE PARAKENDE SATI\u015e VE F\u0130YAT POL\u0130T\u0130KALARIMIZ \u0130\u00c7\u0130N&#8230;<\/p>\n","protected":false},"author":1,"featured_media":483,"parent":0,"menu_order":0,"comment_status":"closed","ping_status":"closed","template":"","meta":{"_kadence_starter_templates_imported_post":false,"_kad_post_transparent":"","_kad_post_title":"","_kad_post_layout":"","_kad_post_sidebar_id":"","_kad_post_content_style":"","_kad_post_vertical_padding":"","_kad_post_feature":"","_kad_post_feature_position":"","_kad_post_header":false,"_kad_post_footer":false,"_kad_post_classname":"","footnotes":""},"class_list":["post-282","page","type-page","status-publish","has-post-thumbnail","hentry"],"_links":{"self":[{"href":"https:\/\/powerdex.com.tr\/index.php?rest_route=\/wp\/v2\/pages\/282","targetHints":{"allow":["GET"]}}],"collection":[{"href":"https:\/\/powerdex.com.tr\/index.php?rest_route=\/wp\/v2\/pages"}],"about":[{"href":"https:\/\/powerdex.com.tr\/index.php?rest_route=\/wp\/v2\/types\/page"}],"author":[{"embeddable":true,"href":"https:\/\/powerdex.com.tr\/index.php?rest_route=\/wp\/v2\/users\/1"}],"replies":[{"embeddable":true,"href":"https:\/\/powerdex.com.tr\/index.php?rest_route=%2Fwp%2Fv2%2Fcomments&post=282"}],"version-history":[{"count":99,"href":"https:\/\/powerdex.com.tr\/index.php?rest_route=\/wp\/v2\/pages\/282\/revisions"}],"predecessor-version":[{"id":1618,"href":"https:\/\/powerdex.com.tr\/index.php?rest_route=\/wp\/v2\/pages\/282\/revisions\/1618"}],"wp:featuredmedia":[{"embeddable":true,"href":"https:\/\/powerdex.com.tr\/index.php?rest_route=\/wp\/v2\/media\/483"}],"wp:attachment":[{"href":"https:\/\/powerdex.com.tr\/index.php?rest_route=%2Fwp%2Fv2%2Fmedia&parent=282"}],"curies":[{"name":"wp","href":"https:\/\/api.w.org\/{rel}","templated":true}]}}