{"id":760,"date":"2022-09-08T12:43:49","date_gmt":"2022-09-08T12:43:49","guid":{"rendered":"https:\/\/powerdex.com.tr\/?post_type=product&#038;p=760"},"modified":"2024-04-26T18:01:46","modified_gmt":"2024-04-26T18:01:46","slug":"pd-9800-profesyonel-avci-tufek-feneri","status":"publish","type":"product","link":"https:\/\/powerdex.com.tr\/?product=pd-9800-profesyonel-avci-tufek-feneri","title":{"rendered":"PD-9800 PROFESYONEL AVCI &#038; T\u00dcFEK FENER\u0130"},"content":{"rendered":"<p>Enerji Tasarrufu<\/p>\n<p>Ya\u011fmur suyu ge\u00e7irmez<\/p>\n<p>Darbeye ve patlayama Dayan\u0131kl\u0131 LED<\/p>\n<p>1200m<\/p>\n<p>1200 l\u00fcmen<\/p>\n<p>20w<\/p>\n<p>\u015earj istasyonu<\/p>\n<p>Ara\u00e7 sarj c\u0131haz\u0131\u00a0 5v 1A<\/p>\n<p>\u015earj c\u0131haz\u0131 5v 1A<\/p>\n<p>4800mAh \u015farj edilebiler batarya<\/p>\n","protected":false},"excerpt":{"rendered":"<p>Enerji Tasarrufu Ya\u011fmur suyu ge\u00e7irmez Darbeye ve patlayama Dayan\u0131kl\u0131 LED 1200m 1200 l\u00fcmen 20w \u015earj istasyonu Ara\u00e7 sarj c\u0131haz\u0131\u00a0 5v 1A \u015earj c\u0131haz\u0131 5v 1A 4800mAh \u015farj edilebiler batarya<\/p>\n","protected":false},"featured_media":761,"comment_status":"open","ping_status":"closed","template":"","meta":{"_kadence_starter_templates_imported_post":false,"_kad_post_transparent":"","_kad_post_title":"","_kad_post_layout":"","_kad_post_sidebar_id":"","_kad_post_content_style":"","_kad_post_vertical_padding":"","_kad_post_feature":"","_kad_post_feature_position":"","_kad_post_header":false,"_kad_post_footer":false,"_kad_post_classname":""},"product_brand":[],"product_cat":[28],"product_tag":[],"class_list":{"0":"post-760","1":"product","2":"type-product","3":"status-publish","4":"has-post-thumbnail","6":"product_cat-el-fenerleri","8":"first","9":"instock","10":"shipping-taxable","11":"product-type-simple","12":"entry","13":"content-bg","14":"loop-entry"},"_links":{"self":[{"href":"https:\/\/powerdex.com.tr\/index.php?rest_route=\/wp\/v2\/product\/760","targetHints":{"allow":["GET"]}}],"collection":[{"href":"https:\/\/powerdex.com.tr\/index.php?rest_route=\/wp\/v2\/product"}],"about":[{"href":"https:\/\/powerdex.com.tr\/index.php?rest_route=\/wp\/v2\/types\/product"}],"replies":[{"embeddable":true,"href":"https:\/\/powerdex.com.tr\/index.php?rest_route=%2Fwp%2Fv2%2Fcomments&post=760"}],"version-history":[{"count":2,"href":"https:\/\/powerdex.com.tr\/index.php?rest_route=\/wp\/v2\/product\/760\/revisions"}],"predecessor-version":[{"id":800,"href":"https:\/\/powerdex.com.tr\/index.php?rest_route=\/wp\/v2\/product\/760\/revisions\/800"}],"wp:featuredmedia":[{"embeddable":true,"href":"https:\/\/powerdex.com.tr\/index.php?rest_route=\/wp\/v2\/media\/761"}],"wp:attachment":[{"href":"https:\/\/powerdex.com.tr\/index.php?rest_route=%2Fwp%2Fv2%2Fmedia&parent=760"}],"wp:term":[{"taxonomy":"product_brand","embeddable":true,"href":"https:\/\/powerdex.com.tr\/index.php?rest_route=%2Fwp%2Fv2%2Fproduct_brand&post=760"},{"taxonomy":"product_cat","embeddable":true,"href":"https:\/\/powerdex.com.tr\/index.php?rest_route=%2Fwp%2Fv2%2Fproduct_cat&post=760"},{"taxonomy":"product_tag","embeddable":true,"href":"https:\/\/powerdex.com.tr\/index.php?rest_route=%2Fwp%2Fv2%2Fproduct_tag&post=760"}],"curies":[{"name":"wp","href":"https:\/\/api.w.org\/{rel}","templated":true}]}}